{"id":286,"date":"2022-04-19T12:00:07","date_gmt":"2022-04-19T12:00:07","guid":{"rendered":"http:\/\/www.utn.edu.ec\/fecyt\/carreras\/artesyhumanidades\/?page_id=286"},"modified":"2026-04-13T21:23:05","modified_gmt":"2026-04-13T21:23:05","slug":"docentes-titulares","status":"publish","type":"page","link":"https:\/\/arteshumanidades.utn.edu.ec\/index.php\/docentes-titulares\/","title":{"rendered":"Docentes de la carrera"},"content":{"rendered":"<table>\n<tbody>\n<tr>\n<td style=\"text-align: center;\">\n<h4><span style=\"color: #808080;\"><strong>FOTO<\/strong><\/span><\/h4>\n<\/td>\n<td style=\"text-align: center;\">\n<h4><span style=\"color: #808080;\"><strong>NOMBRES Y APELLIDOS<\/strong><\/span><\/h4>\n<\/td>\n<td style=\"text-align: center;\">\n<h4><span style=\"color: #808080;\"><strong>T\u00cdTULO DE TERCER NIVEL<\/strong><\/span><\/h4>\n<\/td>\n<td style=\"text-align: center;\">\n<h4><span style=\"color: #808080;\"><strong>T\u00cdTULO DE CUARTO NIVEL<\/strong><\/span><\/h4>\n<\/td>\n<td style=\"text-align: center;\">\n<h4><span style=\"color: #808080;\"><strong>RELACI\u00d3N LABORAL<\/strong><\/span><\/h4>\n<\/td>\n<\/tr>\n<tr>\n<td><img loading=\"lazy\" decoding=\"async\" class=\"alignnone wp-image-618\" src=\"https:\/\/arteshumanidades.utn.edu.ec\/wp-content\/uploads\/2025\/09\/WhatsApp-Image-2025-09-22-at-14.48.59-2-300x300.jpeg\" alt=\"\" width=\"78\" height=\"78\" srcset=\"https:\/\/arteshumanidades.utn.edu.ec\/wp-content\/uploads\/2025\/09\/WhatsApp-Image-2025-09-22-at-14.48.59-2-300x300.jpeg 300w, https:\/\/arteshumanidades.utn.edu.ec\/wp-content\/uploads\/2025\/09\/WhatsApp-Image-2025-09-22-at-14.48.59-2-150x150.jpeg 150w, https:\/\/arteshumanidades.utn.edu.ec\/wp-content\/uploads\/2025\/09\/WhatsApp-Image-2025-09-22-at-14.48.59-2-768x768.jpeg 768w, https:\/\/arteshumanidades.utn.edu.ec\/wp-content\/uploads\/2025\/09\/WhatsApp-Image-2025-09-22-at-14.48.59-2-270x270.jpeg 270w, https:\/\/arteshumanidades.utn.edu.ec\/wp-content\/uploads\/2025\/09\/WhatsApp-Image-2025-09-22-at-14.48.59-2.jpeg 1024w\" sizes=\"auto, (max-width: 78px) 100vw, 78px\" \/><\/td>\n<td style=\"text-align: left;\">EDISON DAVID D\u00cdAZ MART\u00cdNEZ<\/td>\n<td style=\"text-align: left;\">LICENCIADO EN DISE\u00d1O GR\u00c1FICO<\/td>\n<td style=\"text-align: left;\">MAGISTER EN ARTES VISUALES<\/td>\n<td>OCASIONAL<\/td>\n<\/tr>\n<tr>\n<td><img loading=\"lazy\" decoding=\"async\" class=\" wp-image-345\" src=\"https:\/\/arteshumanidades.utn.edu.ec\/wp-content\/uploads\/2022\/04\/FOTO-COORDINADOR-213x300.jpg\" alt=\"\" width=\"272\" height=\"383\" srcset=\"https:\/\/arteshumanidades.utn.edu.ec\/wp-content\/uploads\/2022\/04\/FOTO-COORDINADOR-213x300.jpg 213w, https:\/\/arteshumanidades.utn.edu.ec\/wp-content\/uploads\/2022\/04\/FOTO-COORDINADOR-191x270.jpg 191w, https:\/\/arteshumanidades.utn.edu.ec\/wp-content\/uploads\/2022\/04\/FOTO-COORDINADOR.jpg 282w\" sizes=\"auto, (max-width: 272px) 100vw, 272px\" \/><\/td>\n<td style=\"text-align: left;\">SANTIAGO PATRICIO L\u00d3PEZ CHAMORRO<\/td>\n<td style=\"text-align: left;\">LICENCIADO EN CIENCIAS DE LA EDUCACI\u00d3N MENCI\u00d3N BELLAS ARTES<\/td>\n<td style=\"text-align: left;\">MAGISTER EN EDUCACI\u00d3N<\/td>\n<td>\u00a0NOMBRAMIENTO<\/td>\n<\/tr>\n<tr>\n<td><img loading=\"lazy\" decoding=\"async\" class=\"alignnone size-medium wp-image-598\" src=\"https:\/\/arteshumanidades.utn.edu.ec\/wp-content\/uploads\/2024\/12\/WhatsApp-Image-2024-12-12-at-8.42.19-AM-282x300.jpeg\" alt=\"\" width=\"282\" height=\"300\" srcset=\"https:\/\/arteshumanidades.utn.edu.ec\/wp-content\/uploads\/2024\/12\/WhatsApp-Image-2024-12-12-at-8.42.19-AM-282x300.jpeg 282w, https:\/\/arteshumanidades.utn.edu.ec\/wp-content\/uploads\/2024\/12\/WhatsApp-Image-2024-12-12-at-8.42.19-AM-768x816.jpeg 768w, https:\/\/arteshumanidades.utn.edu.ec\/wp-content\/uploads\/2024\/12\/WhatsApp-Image-2024-12-12-at-8.42.19-AM-964x1024.jpeg 964w, https:\/\/arteshumanidades.utn.edu.ec\/wp-content\/uploads\/2024\/12\/WhatsApp-Image-2024-12-12-at-8.42.19-AM-254x270.jpeg 254w, https:\/\/arteshumanidades.utn.edu.ec\/wp-content\/uploads\/2024\/12\/WhatsApp-Image-2024-12-12-at-8.42.19-AM.jpeg 1506w\" sizes=\"auto, (max-width: 282px) 100vw, 282px\" \/><\/td>\n<td style=\"text-align: left;\">CARLOS ISRAEL ALMEIDA VARGAS<\/td>\n<td style=\"text-align: left;\">LICENCIADO EN CIENCIAS DE LA EDUCACI\u00d3N MENCI\u00d3N ARTESAN\u00cdAS ART\u00cdSTICAS<\/td>\n<td style=\"text-align: left;\">MAGISTER EN TECNOLOG\u00cdAS PARA LA GESTI\u00d3N Y PR\u00c1CTICA DOCENTE<\/td>\n<td>\u00a0NOMBRAMIENTO<\/td>\n<\/tr>\n<tr>\n<td>\u00a0<img loading=\"lazy\" decoding=\"async\" class=\"alignnone size-medium wp-image-596\" src=\"https:\/\/arteshumanidades.utn.edu.ec\/wp-content\/uploads\/2024\/12\/WhatsApp-Image-2024-12-12-at-08.38.59-265x300.jpeg\" alt=\"\" width=\"265\" height=\"300\" srcset=\"https:\/\/arteshumanidades.utn.edu.ec\/wp-content\/uploads\/2024\/12\/WhatsApp-Image-2024-12-12-at-08.38.59-265x300.jpeg 265w, https:\/\/arteshumanidades.utn.edu.ec\/wp-content\/uploads\/2024\/12\/WhatsApp-Image-2024-12-12-at-08.38.59-238x270.jpeg 238w, https:\/\/arteshumanidades.utn.edu.ec\/wp-content\/uploads\/2024\/12\/WhatsApp-Image-2024-12-12-at-08.38.59.jpeg 375w\" sizes=\"auto, (max-width: 265px) 100vw, 265px\" \/><\/td>\n<td style=\"text-align: left;\">DARWIN ALEJANDRO MAFLA TOBAR<\/td>\n<td style=\"text-align: left;\">LICENCIADO EN DISE\u00d1O Y PUBLICIDAD<\/td>\n<td style=\"text-align: left;\">MASTER EN DIRECCI\u00d3N DE ARTE EN PUBLICIDAD<\/td>\n<td>\u00a0OCASIONAL<\/td>\n<\/tr>\n<tr>\n<td>\u00a0<img loading=\"lazy\" decoding=\"async\" class=\"alignnone size-medium wp-image-595\" src=\"https:\/\/arteshumanidades.utn.edu.ec\/wp-content\/uploads\/2024\/12\/WhatsApp-Image-2024-12-12-at-08.38.46-265x300.jpeg\" alt=\"\" width=\"265\" height=\"300\" srcset=\"https:\/\/arteshumanidades.utn.edu.ec\/wp-content\/uploads\/2024\/12\/WhatsApp-Image-2024-12-12-at-08.38.46-265x300.jpeg 265w, https:\/\/arteshumanidades.utn.edu.ec\/wp-content\/uploads\/2024\/12\/WhatsApp-Image-2024-12-12-at-08.38.46-238x270.jpeg 238w, https:\/\/arteshumanidades.utn.edu.ec\/wp-content\/uploads\/2024\/12\/WhatsApp-Image-2024-12-12-at-08.38.46.jpeg 375w\" sizes=\"auto, (max-width: 265px) 100vw, 265px\" \/><\/td>\n<td style=\"text-align: left;\">ANA LUCIA MEDIAVILLA SARMIENTO<\/td>\n<td style=\"text-align: left;\">INGENIERA EN DISE\u00d1O GRAFICO Y COMUNICACI\u00d3N VISUAL<\/td>\n<td style=\"text-align: left;\">\u00a0MAGISTER EN COMUNICACI\u00d3N ORGANIZACIONAL<\/td>\n<td>\u00a0OCASIONAL<\/td>\n<\/tr>\n<tr>\n<td>\u00a0<img loading=\"lazy\" decoding=\"async\" class=\"alignnone size-medium wp-image-592\" src=\"https:\/\/arteshumanidades.utn.edu.ec\/wp-content\/uploads\/2024\/11\/WhatsApp-Image-2024-11-06-at-15.24.54-274x300.jpeg\" alt=\"\" width=\"274\" height=\"300\" srcset=\"https:\/\/arteshumanidades.utn.edu.ec\/wp-content\/uploads\/2024\/11\/WhatsApp-Image-2024-11-06-at-15.24.54-274x300.jpeg 274w, https:\/\/arteshumanidades.utn.edu.ec\/wp-content\/uploads\/2024\/11\/WhatsApp-Image-2024-11-06-at-15.24.54-768x840.jpeg 768w, https:\/\/arteshumanidades.utn.edu.ec\/wp-content\/uploads\/2024\/11\/WhatsApp-Image-2024-11-06-at-15.24.54-936x1024.jpeg 936w, https:\/\/arteshumanidades.utn.edu.ec\/wp-content\/uploads\/2024\/11\/WhatsApp-Image-2024-11-06-at-15.24.54-247x270.jpeg 247w, https:\/\/arteshumanidades.utn.edu.ec\/wp-content\/uploads\/2024\/11\/WhatsApp-Image-2024-11-06-at-15.24.54.jpeg 1462w\" sizes=\"auto, (max-width: 274px) 100vw, 274px\" \/><\/td>\n<td style=\"text-align: left;\">DIEGO FABRICIO CADENA NAVARRETE<\/td>\n<td style=\"text-align: left;\">LICENCIADO EN COMUNICACI\u00d3BN SOCIAL<\/td>\n<td style=\"text-align: left;\">\n<p>MASTER EN MUSICOLOG\u00cdA, EDUCACI\u00d3N MUSICAL E INTERPRETACI\u00d3N DE LA M\u00daSICA ANTIGUA<\/p>\n<p>ESPECIALIZACI\u00d3N EN MUSICOLOG\u00cdA Y EDUCACION MUSICAL<\/td>\n<td>\u00a0OCASIONAL<\/td>\n<\/tr>\n<tr>\n<td><img loading=\"lazy\" decoding=\"async\" class=\"alignnone size-medium wp-image-666\" src=\"https:\/\/arteshumanidades.utn.edu.ec\/wp-content\/uploads\/2026\/04\/WhatsApp-Image-2026-04-13-at-3.15.15-PM-257x300.jpeg\" alt=\"\" width=\"257\" height=\"300\" srcset=\"https:\/\/arteshumanidades.utn.edu.ec\/wp-content\/uploads\/2026\/04\/WhatsApp-Image-2026-04-13-at-3.15.15-PM-257x300.jpeg 257w, https:\/\/arteshumanidades.utn.edu.ec\/wp-content\/uploads\/2026\/04\/WhatsApp-Image-2026-04-13-at-3.15.15-PM-231x270.jpeg 231w, https:\/\/arteshumanidades.utn.edu.ec\/wp-content\/uploads\/2026\/04\/WhatsApp-Image-2026-04-13-at-3.15.15-PM.jpeg 322w\" sizes=\"auto, (max-width: 257px) 100vw, 257px\" \/><\/td>\n<td style=\"text-align: left;\">JUAN CARLOS SALAS SUB\u00cdA<\/td>\n<td style=\"text-align: left;\">LICENCIADO EN CIENCIAS DE LA EDUCACI\u00d3N<\/td>\n<td style=\"text-align: left;\">\n<p>MAGISTER EN EDUCACI\u00d3N Y DESARROLLO SOCIAL<\/p>\n<p>MAGISTER EN EDUCACI\u00d3N B\u00c1SICA<\/td>\n<td>OCASIONAL<\/td>\n<\/tr>\n<tr>\n<td><img loading=\"lazy\" decoding=\"async\" class=\"alignnone size-medium wp-image-668\" src=\"https:\/\/arteshumanidades.utn.edu.ec\/wp-content\/uploads\/2026\/04\/WhatsApp-Image-2026-04-13-at-4.04.25-PM-218x300.jpeg\" alt=\"\" width=\"218\" height=\"300\" srcset=\"https:\/\/arteshumanidades.utn.edu.ec\/wp-content\/uploads\/2026\/04\/WhatsApp-Image-2026-04-13-at-4.04.25-PM-218x300.jpeg 218w, https:\/\/arteshumanidades.utn.edu.ec\/wp-content\/uploads\/2026\/04\/WhatsApp-Image-2026-04-13-at-4.04.25-PM-768x1059.jpeg 768w, https:\/\/arteshumanidades.utn.edu.ec\/wp-content\/uploads\/2026\/04\/WhatsApp-Image-2026-04-13-at-4.04.25-PM-742x1024.jpeg 742w, https:\/\/arteshumanidades.utn.edu.ec\/wp-content\/uploads\/2026\/04\/WhatsApp-Image-2026-04-13-at-4.04.25-PM-196x270.jpeg 196w, https:\/\/arteshumanidades.utn.edu.ec\/wp-content\/uploads\/2026\/04\/WhatsApp-Image-2026-04-13-at-4.04.25-PM.jpeg 928w\" sizes=\"auto, (max-width: 218px) 100vw, 218px\" \/><\/td>\n<td style=\"text-align: left;\">ALBERT ARNAVAT<\/td>\n<td style=\"text-align: left;\">LICENCIADO EN HISTORIA UNIVERSIDAD DE BARCELONA<\/td>\n<td style=\"text-align: left;\">DOCTOR EN HISTORIA UNIVERSIDAD DE BARCELONA<\/td>\n<td>TITULAR<\/td>\n<\/tr>\n<\/tbody>\n<\/table>\n<p>&nbsp;<\/p>\n<p>&nbsp;<\/p>\n","protected":false},"excerpt":{"rendered":"<p>FOTO NOMBRES Y APELLIDOS T\u00cdTULO DE TERCER NIVEL T\u00cdTULO DE CUARTO NIVEL RELACI\u00d3N LABORAL EDISON DAVID D\u00cdAZ MART\u00cdNEZ LICENCIADO EN DISE\u00d1O GR\u00c1FICO MAGISTER EN ARTES VISUALES OCASIONAL SANTIAGO PATRICIO L\u00d3PEZ CHAMORRO LICENCIADO EN CIENCIAS DE LA EDUCACI\u00d3N MENCI\u00d3N BELLAS ARTES <a href=\"https:\/\/arteshumanidades.utn.edu.ec\/index.php\/docentes-titulares\/\" class=\"read-more\">Read More &#8230;<\/a><\/p>\n","protected":false},"author":2,"featured_media":0,"parent":0,"menu_order":0,"comment_status":"closed","ping_status":"closed","template":"","meta":{"footnotes":""},"class_list":["post-286","page","type-page","status-publish","hentry"],"_links":{"self":[{"href":"https:\/\/arteshumanidades.utn.edu.ec\/index.php\/wp-json\/wp\/v2\/pages\/286","targetHints":{"allow":["GET"]}}],"collection":[{"href":"https:\/\/arteshumanidades.utn.edu.ec\/index.php\/wp-json\/wp\/v2\/pages"}],"about":[{"href":"https:\/\/arteshumanidades.utn.edu.ec\/index.php\/wp-json\/wp\/v2\/types\/page"}],"author":[{"embeddable":true,"href":"https:\/\/arteshumanidades.utn.edu.ec\/index.php\/wp-json\/wp\/v2\/users\/2"}],"replies":[{"embeddable":true,"href":"https:\/\/arteshumanidades.utn.edu.ec\/index.php\/wp-json\/wp\/v2\/comments?post=286"}],"version-history":[{"count":12,"href":"https:\/\/arteshumanidades.utn.edu.ec\/index.php\/wp-json\/wp\/v2\/pages\/286\/revisions"}],"predecessor-version":[{"id":669,"href":"https:\/\/arteshumanidades.utn.edu.ec\/index.php\/wp-json\/wp\/v2\/pages\/286\/revisions\/669"}],"wp:attachment":[{"href":"https:\/\/arteshumanidades.utn.edu.ec\/index.php\/wp-json\/wp\/v2\/media?parent=286"}],"curies":[{"name":"wp","href":"https:\/\/api.w.org\/{rel}","templated":true}]}}

<table>
<tbody>
<tr>
<td style="text-align: center;">
<h4><span style="color: #808080;"><strong>FOTO</strong></span></h4>
</td>
<td style="text-align: center;">
<h4><span style="color: #808080;"><strong>NOMBRES Y APELLIDOS</strong></span></h4>
</td>
<td style="text-align: center;">
<h4><span style="color: #808080;"><strong>TÍTULO DE TERCER NIVEL</strong></span></h4>
</td>
<td style="text-align: center;">
<h4><span style="color: #808080;"><strong>TÍTULO DE CUARTO NIVEL</strong></span></h4>
</td>
<td style="text-align: center;">
<h4><span style="color: #808080;"><strong>RELACIÓN LABORAL</strong></span></h4>
</td>
</tr>
<tr>
<td><img loading="lazy" decoding="async" class="alignnone wp-image-618" src="https://arteshumanidades.utn.edu.ec/wp-content/uploads/2025/09/WhatsApp-Image-2025-09-22-at-14.48.59-2-300x300.jpeg" alt="" width="78" height="78" srcset="https://arteshumanidades.utn.edu.ec/wp-content/uploads/2025/09/WhatsApp-Image-2025-09-22-at-14.48.59-2-300x300.jpeg 300w, https://arteshumanidades.utn.edu.ec/wp-content/uploads/2025/09/WhatsApp-Image-2025-09-22-at-14.48.59-2-150x150.jpeg 150w, https://arteshumanidades.utn.edu.ec/wp-content/uploads/2025/09/WhatsApp-Image-2025-09-22-at-14.48.59-2-768x768.jpeg 768w, https://arteshumanidades.utn.edu.ec/wp-content/uploads/2025/09/WhatsApp-Image-2025-09-22-at-14.48.59-2-270x270.jpeg 270w, https://arteshumanidades.utn.edu.ec/wp-content/uploads/2025/09/WhatsApp-Image-2025-09-22-at-14.48.59-2.jpeg 1024w" sizes="auto, (max-width: 78px) 100vw, 78px" /></td>
<td style="text-align: left;">EDISON DAVID DÍAZ MARTÍNEZ</td>
<td style="text-align: left;">LICENCIADO EN DISEÑO GRÁFICO</td>
<td style="text-align: left;">MAGISTER EN ARTES VISUALES</td>
<td>OCASIONAL</td>
</tr>
<tr>
<td><img loading="lazy" decoding="async" class=" wp-image-345" src="https://arteshumanidades.utn.edu.ec/wp-content/uploads/2022/04/FOTO-COORDINADOR-213x300.jpg" alt="" width="272" height="383" srcset="https://arteshumanidades.utn.edu.ec/wp-content/uploads/2022/04/FOTO-COORDINADOR-213x300.jpg 213w, https://arteshumanidades.utn.edu.ec/wp-content/uploads/2022/04/FOTO-COORDINADOR-191x270.jpg 191w, https://arteshumanidades.utn.edu.ec/wp-content/uploads/2022/04/FOTO-COORDINADOR.jpg 282w" sizes="auto, (max-width: 272px) 100vw, 272px" /></td>
<td style="text-align: left;">SANTIAGO PATRICIO LÓPEZ CHAMORRO</td>
<td style="text-align: left;">LICENCIADO EN CIENCIAS DE LA EDUCACIÓN MENCIÓN BELLAS ARTES</td>
<td style="text-align: left;">MAGISTER EN EDUCACIÓN</td>
<td> NOMBRAMIENTO</td>
</tr>
<tr>
<td><img loading="lazy" decoding="async" class="alignnone size-medium wp-image-598" src="https://arteshumanidades.utn.edu.ec/wp-content/uploads/2024/12/WhatsApp-Image-2024-12-12-at-8.42.19-AM-282x300.jpeg" alt="" width="282" height="300" srcset="https://arteshumanidades.utn.edu.ec/wp-content/uploads/2024/12/WhatsApp-Image-2024-12-12-at-8.42.19-AM-282x300.jpeg 282w, https://arteshumanidades.utn.edu.ec/wp-content/uploads/2024/12/WhatsApp-Image-2024-12-12-at-8.42.19-AM-768x816.jpeg 768w, https://arteshumanidades.utn.edu.ec/wp-content/uploads/2024/12/WhatsApp-Image-2024-12-12-at-8.42.19-AM-964x1024.jpeg 964w, https://arteshumanidades.utn.edu.ec/wp-content/uploads/2024/12/WhatsApp-Image-2024-12-12-at-8.42.19-AM-254x270.jpeg 254w, https://arteshumanidades.utn.edu.ec/wp-content/uploads/2024/12/WhatsApp-Image-2024-12-12-at-8.42.19-AM.jpeg 1506w" sizes="auto, (max-width: 282px) 100vw, 282px" /></td>
<td style="text-align: left;">CARLOS ISRAEL ALMEIDA VARGAS</td>
<td style="text-align: left;">LICENCIADO EN CIENCIAS DE LA EDUCACIÓN MENCIÓN ARTESANÍAS ARTÍSTICAS</td>
<td style="text-align: left;">MAGISTER EN TECNOLOGÍAS PARA LA GESTIÓN Y PRÁCTICA DOCENTE</td>
<td> NOMBRAMIENTO</td>
</tr>
<tr>
<td> <img loading="lazy" decoding="async" class="alignnone size-medium wp-image-596" src="https://arteshumanidades.utn.edu.ec/wp-content/uploads/2024/12/WhatsApp-Image-2024-12-12-at-08.38.59-265x300.jpeg" alt="" width="265" height="300" srcset="https://arteshumanidades.utn.edu.ec/wp-content/uploads/2024/12/WhatsApp-Image-2024-12-12-at-08.38.59-265x300.jpeg 265w, https://arteshumanidades.utn.edu.ec/wp-content/uploads/2024/12/WhatsApp-Image-2024-12-12-at-08.38.59-238x270.jpeg 238w, https://arteshumanidades.utn.edu.ec/wp-content/uploads/2024/12/WhatsApp-Image-2024-12-12-at-08.38.59.jpeg 375w" sizes="auto, (max-width: 265px) 100vw, 265px" /></td>
<td style="text-align: left;">DARWIN ALEJANDRO MAFLA TOBAR</td>
<td style="text-align: left;">LICENCIADO EN DISEÑO Y PUBLICIDAD</td>
<td style="text-align: left;">MASTER EN DIRECCIÓN DE ARTE EN PUBLICIDAD</td>
<td> OCASIONAL</td>
</tr>
<tr>
<td> <img loading="lazy" decoding="async" class="alignnone size-medium wp-image-595" src="https://arteshumanidades.utn.edu.ec/wp-content/uploads/2024/12/WhatsApp-Image-2024-12-12-at-08.38.46-265x300.jpeg" alt="" width="265" height="300" srcset="https://arteshumanidades.utn.edu.ec/wp-content/uploads/2024/12/WhatsApp-Image-2024-12-12-at-08.38.46-265x300.jpeg 265w, https://arteshumanidades.utn.edu.ec/wp-content/uploads/2024/12/WhatsApp-Image-2024-12-12-at-08.38.46-238x270.jpeg 238w, https://arteshumanidades.utn.edu.ec/wp-content/uploads/2024/12/WhatsApp-Image-2024-12-12-at-08.38.46.jpeg 375w" sizes="auto, (max-width: 265px) 100vw, 265px" /></td>
<td style="text-align: left;">ANA LUCIA MEDIAVILLA SARMIENTO</td>
<td style="text-align: left;">INGENIERA EN DISEÑO GRAFICO Y COMUNICACIÓN VISUAL</td>
<td style="text-align: left;"> MAGISTER EN COMUNICACIÓN ORGANIZACIONAL</td>
<td> OCASIONAL</td>
</tr>
<tr>
<td> <img loading="lazy" decoding="async" class="alignnone size-medium wp-image-592" src="https://arteshumanidades.utn.edu.ec/wp-content/uploads/2024/11/WhatsApp-Image-2024-11-06-at-15.24.54-274x300.jpeg" alt="" width="274" height="300" srcset="https://arteshumanidades.utn.edu.ec/wp-content/uploads/2024/11/WhatsApp-Image-2024-11-06-at-15.24.54-274x300.jpeg 274w, https://arteshumanidades.utn.edu.ec/wp-content/uploads/2024/11/WhatsApp-Image-2024-11-06-at-15.24.54-768x840.jpeg 768w, https://arteshumanidades.utn.edu.ec/wp-content/uploads/2024/11/WhatsApp-Image-2024-11-06-at-15.24.54-936x1024.jpeg 936w, https://arteshumanidades.utn.edu.ec/wp-content/uploads/2024/11/WhatsApp-Image-2024-11-06-at-15.24.54-247x270.jpeg 247w, https://arteshumanidades.utn.edu.ec/wp-content/uploads/2024/11/WhatsApp-Image-2024-11-06-at-15.24.54.jpeg 1462w" sizes="auto, (max-width: 274px) 100vw, 274px" /></td>
<td style="text-align: left;">DIEGO FABRICIO CADENA NAVARRETE</td>
<td style="text-align: left;">LICENCIADO EN COMUNICACIÓBN SOCIAL</td>
<td style="text-align: left;">
<p>MASTER EN MUSICOLOGÍA, EDUCACIÓN MUSICAL E INTERPRETACIÓN DE LA MÚSICA ANTIGUA</p>
<p>ESPECIALIZACIÓN EN MUSICOLOGÍA Y EDUCACION MUSICAL</td>
<td> OCASIONAL</td>
</tr>
<tr>
<td><img loading="lazy" decoding="async" class="alignnone size-medium wp-image-666" src="https://arteshumanidades.utn.edu.ec/wp-content/uploads/2026/04/WhatsApp-Image-2026-04-13-at-3.15.15-PM-257x300.jpeg" alt="" width="257" height="300" srcset="https://arteshumanidades.utn.edu.ec/wp-content/uploads/2026/04/WhatsApp-Image-2026-04-13-at-3.15.15-PM-257x300.jpeg 257w, https://arteshumanidades.utn.edu.ec/wp-content/uploads/2026/04/WhatsApp-Image-2026-04-13-at-3.15.15-PM-231x270.jpeg 231w, https://arteshumanidades.utn.edu.ec/wp-content/uploads/2026/04/WhatsApp-Image-2026-04-13-at-3.15.15-PM.jpeg 322w" sizes="auto, (max-width: 257px) 100vw, 257px" /></td>
<td style="text-align: left;">JUAN CARLOS SALAS SUBÍA</td>
<td style="text-align: left;">LICENCIADO EN CIENCIAS DE LA EDUCACIÓN</td>
<td style="text-align: left;">
<p>MAGISTER EN EDUCACIÓN Y DESARROLLO SOCIAL</p>
<p>MAGISTER EN EDUCACIÓN BÁSICA</td>
<td>OCASIONAL</td>
</tr>
<tr>
<td><img loading="lazy" decoding="async" class="alignnone size-medium wp-image-668" src="https://arteshumanidades.utn.edu.ec/wp-content/uploads/2026/04/WhatsApp-Image-2026-04-13-at-4.04.25-PM-218x300.jpeg" alt="" width="218" height="300" srcset="https://arteshumanidades.utn.edu.ec/wp-content/uploads/2026/04/WhatsApp-Image-2026-04-13-at-4.04.25-PM-218x300.jpeg 218w, https://arteshumanidades.utn.edu.ec/wp-content/uploads/2026/04/WhatsApp-Image-2026-04-13-at-4.04.25-PM-768x1059.jpeg 768w, https://arteshumanidades.utn.edu.ec/wp-content/uploads/2026/04/WhatsApp-Image-2026-04-13-at-4.04.25-PM-742x1024.jpeg 742w, https://arteshumanidades.utn.edu.ec/wp-content/uploads/2026/04/WhatsApp-Image-2026-04-13-at-4.04.25-PM-196x270.jpeg 196w, https://arteshumanidades.utn.edu.ec/wp-content/uploads/2026/04/WhatsApp-Image-2026-04-13-at-4.04.25-PM.jpeg 928w" sizes="auto, (max-width: 218px) 100vw, 218px" /></td>
<td style="text-align: left;">ALBERT ARNAVAT</td>
<td style="text-align: left;">LICENCIADO EN HISTORIA UNIVERSIDAD DE BARCELONA</td>
<td style="text-align: left;">DOCTOR EN HISTORIA UNIVERSIDAD DE BARCELONA</td>
<td>TITULAR</td>
</tr>
</tbody>
</table>
<p>&nbsp;</p>
<p>&nbsp;</p>

<p>FOTO NOMBRES Y APELLIDOS TÍTULO DE TERCER NIVEL TÍTULO DE CUARTO NIVEL RELACIÓN LABORAL EDISON DAVID DÍAZ MARTÍNEZ LICENCIADO EN DISEÑO GRÁFICO MAGISTER EN ARTES VISUALES OCASIONAL SANTIAGO PATRICIO LÓPEZ CHAMORRO LICENCIADO EN CIENCIAS DE LA EDUCACIÓN MENCIÓN BELLAS ARTES <a href="https://arteshumanidades.utn.edu.ec/index.php/docentes-titulares/" class="read-more">Read More &#8230;</a></p>
