{"id":691,"date":"2026-06-04T16:37:34","date_gmt":"2026-06-04T16:37:34","guid":{"rendered":"https:\/\/arteshumanidades.utn.edu.ec\/?page_id=691"},"modified":"2026-06-04T16:39:45","modified_gmt":"2026-06-04T16:39:45","slug":"politica-de-calidad","status":"publish","type":"page","link":"https:\/\/arteshumanidades.utn.edu.ec\/index.php\/politica-de-calidad\/","title":{"rendered":"Pol\u00edtica de Calidad"},"content":{"rendered":"<p>\u201cEn la Facultad de Educaci\u00f3n, Ciencia y Tecnolog\u00eda de la Universidad T\u00e9cnica del Norte, concebimos la calidad educativa como el pilar fundamental para cumplir con nuestro compromiso hist\u00f3rico: \u2018Ciencia y t\u00e9cnica al servicio del pueblo\u2019. Bajo este principio, la carrera de <strong>Pedagog\u00eda de las Artes y Humanidades<\/strong> articula gesti\u00f3n, docencia, investigaci\u00f3n y la vinculaci\u00f3n con la colectividad para formar profesionales \u00e9ticos, cr\u00edticos e innovadores que impulsen el desarrollo sostenible de la regi\u00f3n. Te invitamos a conocer las pol\u00edticas y objetivos que gu\u00edan nuestro modelo de autoevaluaci\u00f3n hacia la mejora continua y la excelencia acad\u00e9mica.\u201d<\/p>\n<p><img loading=\"lazy\" decoding=\"async\" class=\"wp-image-692 aligncenter\" src=\"https:\/\/arteshumanidades.utn.edu.ec\/wp-content\/uploads\/2026\/06\/WhatsApp-Image-2026-06-01-at-8.01.36-AM-300x212.jpeg\" alt=\"\" width=\"467\" height=\"330\" srcset=\"https:\/\/arteshumanidades.utn.edu.ec\/wp-content\/uploads\/2026\/06\/WhatsApp-Image-2026-06-01-at-8.01.36-AM-300x212.jpeg 300w, https:\/\/arteshumanidades.utn.edu.ec\/wp-content\/uploads\/2026\/06\/WhatsApp-Image-2026-06-01-at-8.01.36-AM-768x543.jpeg 768w, https:\/\/arteshumanidades.utn.edu.ec\/wp-content\/uploads\/2026\/06\/WhatsApp-Image-2026-06-01-at-8.01.36-AM-1024x724.jpeg 1024w, https:\/\/arteshumanidades.utn.edu.ec\/wp-content\/uploads\/2026\/06\/WhatsApp-Image-2026-06-01-at-8.01.36-AM-360x255.jpeg 360w, https:\/\/arteshumanidades.utn.edu.ec\/wp-content\/uploads\/2026\/06\/WhatsApp-Image-2026-06-01-at-8.01.36-AM.jpeg 1280w\" sizes=\"auto, (max-width: 467px) 100vw, 467px\" \/> <img loading=\"lazy\" decoding=\"async\" class=\"wp-image-693 aligncenter\" src=\"https:\/\/arteshumanidades.utn.edu.ec\/wp-content\/uploads\/2026\/06\/WhatsApp-Image-2026-06-01-at-8.01.27-AM-300x212.jpeg\" alt=\"\" width=\"469\" height=\"332\" srcset=\"https:\/\/arteshumanidades.utn.edu.ec\/wp-content\/uploads\/2026\/06\/WhatsApp-Image-2026-06-01-at-8.01.27-AM-300x212.jpeg 300w, https:\/\/arteshumanidades.utn.edu.ec\/wp-content\/uploads\/2026\/06\/WhatsApp-Image-2026-06-01-at-8.01.27-AM-768x543.jpeg 768w, https:\/\/arteshumanidades.utn.edu.ec\/wp-content\/uploads\/2026\/06\/WhatsApp-Image-2026-06-01-at-8.01.27-AM-1024x724.jpeg 1024w, https:\/\/arteshumanidades.utn.edu.ec\/wp-content\/uploads\/2026\/06\/WhatsApp-Image-2026-06-01-at-8.01.27-AM-360x255.jpeg 360w, https:\/\/arteshumanidades.utn.edu.ec\/wp-content\/uploads\/2026\/06\/WhatsApp-Image-2026-06-01-at-8.01.27-AM.jpeg 1280w\" sizes=\"auto, (max-width: 469px) 100vw, 469px\" \/><\/p>\n","protected":false},"excerpt":{"rendered":"<p>\u201cEn la Facultad de Educaci\u00f3n, Ciencia y Tecnolog\u00eda de la Universidad T\u00e9cnica del Norte, concebimos la calidad educativa como el pilar fundamental para cumplir con nuestro compromiso hist\u00f3rico: \u2018Ciencia y t\u00e9cnica al servicio del pueblo\u2019. Bajo este principio, la carrera <a href=\"https:\/\/arteshumanidades.utn.edu.ec\/index.php\/politica-de-calidad\/\" class=\"read-more\">Read More &#8230;<\/a><\/p>\n","protected":false},"author":2,"featured_media":0,"parent":0,"menu_order":0,"comment_status":"closed","ping_status":"closed","template":"","meta":{"footnotes":""},"class_list":["post-691","page","type-page","status-publish","hentry"],"_links":{"self":[{"href":"https:\/\/arteshumanidades.utn.edu.ec\/index.php\/wp-json\/wp\/v2\/pages\/691","targetHints":{"allow":["GET"]}}],"collection":[{"href":"https:\/\/arteshumanidades.utn.edu.ec\/index.php\/wp-json\/wp\/v2\/pages"}],"about":[{"href":"https:\/\/arteshumanidades.utn.edu.ec\/index.php\/wp-json\/wp\/v2\/types\/page"}],"author":[{"embeddable":true,"href":"https:\/\/arteshumanidades.utn.edu.ec\/index.php\/wp-json\/wp\/v2\/users\/2"}],"replies":[{"embeddable":true,"href":"https:\/\/arteshumanidades.utn.edu.ec\/index.php\/wp-json\/wp\/v2\/comments?post=691"}],"version-history":[{"count":1,"href":"https:\/\/arteshumanidades.utn.edu.ec\/index.php\/wp-json\/wp\/v2\/pages\/691\/revisions"}],"predecessor-version":[{"id":695,"href":"https:\/\/arteshumanidades.utn.edu.ec\/index.php\/wp-json\/wp\/v2\/pages\/691\/revisions\/695"}],"wp:attachment":[{"href":"https:\/\/arteshumanidades.utn.edu.ec\/index.php\/wp-json\/wp\/v2\/media?parent=691"}],"curies":[{"name":"wp","href":"https:\/\/api.w.org\/{rel}","templated":true}]}}

Política de Calidad

<p>“En la Facultad de Educación, Ciencia y Tecnología de la Universidad Técnica del Norte, concebimos la calidad educativa como el pilar fundamental para cumplir con nuestro compromiso histórico: ‘Ciencia y técnica al servicio del pueblo’. Bajo este principio, la carrera de <strong>Pedagogía de las Artes y Humanidades</strong> articula gestión, docencia, investigación y la vinculación con la colectividad para formar profesionales éticos, críticos e innovadores que impulsen el desarrollo sostenible de la región. Te invitamos a conocer las políticas y objetivos que guían nuestro modelo de autoevaluación hacia la mejora continua y la excelencia académica.”</p>
<p><img loading="lazy" decoding="async" class="wp-image-692 aligncenter" src="https://arteshumanidades.utn.edu.ec/wp-content/uploads/2026/06/WhatsApp-Image-2026-06-01-at-8.01.36-AM-300x212.jpeg" alt="" width="467" height="330" srcset="https://arteshumanidades.utn.edu.ec/wp-content/uploads/2026/06/WhatsApp-Image-2026-06-01-at-8.01.36-AM-300x212.jpeg 300w, https://arteshumanidades.utn.edu.ec/wp-content/uploads/2026/06/WhatsApp-Image-2026-06-01-at-8.01.36-AM-768x543.jpeg 768w, https://arteshumanidades.utn.edu.ec/wp-content/uploads/2026/06/WhatsApp-Image-2026-06-01-at-8.01.36-AM-1024x724.jpeg 1024w, https://arteshumanidades.utn.edu.ec/wp-content/uploads/2026/06/WhatsApp-Image-2026-06-01-at-8.01.36-AM-360x255.jpeg 360w, https://arteshumanidades.utn.edu.ec/wp-content/uploads/2026/06/WhatsApp-Image-2026-06-01-at-8.01.36-AM.jpeg 1280w" sizes="auto, (max-width: 467px) 100vw, 467px" /> <img loading="lazy" decoding="async" class="wp-image-693 aligncenter" src="https://arteshumanidades.utn.edu.ec/wp-content/uploads/2026/06/WhatsApp-Image-2026-06-01-at-8.01.27-AM-300x212.jpeg" alt="" width="469" height="332" srcset="https://arteshumanidades.utn.edu.ec/wp-content/uploads/2026/06/WhatsApp-Image-2026-06-01-at-8.01.27-AM-300x212.jpeg 300w, https://arteshumanidades.utn.edu.ec/wp-content/uploads/2026/06/WhatsApp-Image-2026-06-01-at-8.01.27-AM-768x543.jpeg 768w, https://arteshumanidades.utn.edu.ec/wp-content/uploads/2026/06/WhatsApp-Image-2026-06-01-at-8.01.27-AM-1024x724.jpeg 1024w, https://arteshumanidades.utn.edu.ec/wp-content/uploads/2026/06/WhatsApp-Image-2026-06-01-at-8.01.27-AM-360x255.jpeg 360w, https://arteshumanidades.utn.edu.ec/wp-content/uploads/2026/06/WhatsApp-Image-2026-06-01-at-8.01.27-AM.jpeg 1280w" sizes="auto, (max-width: 469px) 100vw, 469px" /></p>

<p>“En la Facultad de Educación, Ciencia y Tecnología de la Universidad Técnica del Norte, concebimos la calidad educativa como el pilar fundamental para cumplir con nuestro compromiso histórico: ‘Ciencia y técnica al servicio del pueblo’. Bajo este principio, la carrera <a href="https://arteshumanidades.utn.edu.ec/index.php/politica-de-calidad/" class="read-more">Read More &#8230;</a></p>
